+ 166. What is the highest common factor of d and 63?
21
Suppose -11 = 4*n - 19. Suppose -87 = -5*v - 4*c, 4*c = 3*v - 63 - n. Calculate the highest common divisor of 19 and v.
19
Let u = 11 - 15. Let h be (-54)/u + (-1)/2. Suppose -q = 3*s - 276, -3*s + 2*q + 188 + 79 = 0. What is the highest common factor of h and s?
13
Let z = -91 + 10. Let t = -57 - z. What is the greatest common divisor of t and 4?
4
Let l be (15 - 1) + (-5 - (7 + -10)). What is the highest common divisor of 276 and l?
12
Suppose -6*q = -9*q + 948. Suppose 4*d - 4*l = q, -4*l + 107 + 27 = 2*d. What is the greatest common divisor of d and 15?
15
Let v(r) = r**2 + 11*r + 58. Suppose 4*g = 3*d - d - 38, -2*g - 34 = 4*d. Let a be v(g). What is the highest common divisor of 87 and a?
29
Let j be 102/5 - (-4)/(-10). Suppose -15 = -2*q - 3*n + 7, 0 = -5*n - 10. Let v = q + j. Calculate the highest common divisor of v and 51.
17
Suppose -615*u + 28 = -608*u. Calculate the greatest common factor of 4 and u.
4
Suppose -1286 = -4*f + h - 161, -3*h - 295 = -f. What is the highest common factor of 35 and f?
35
Suppose 0 = 4*d - 67 - 53. Let c = -490 + 730. Calculate the greatest common divisor of d and c.
30
Let o(w) = w**3 - 4*w**2 - 9*w + 4. Let n be o(6). Suppose 0 = n*h - 26*h - 68. Let v = h - -31. Calculate the highest common factor of 35 and v.
7
Let s = -2099 - -2187. Let o(u) = -u + 14. Let a be o(6). Calculate the greatest common factor of a and s.
8
Suppose 0 = -185*d + 183*d + 120. What is the highest common divisor of 240 and d?
60
Let p = -17 - -22. Suppose 4*w = -3*f + 1, f + p*w = 2*w - 3. Suppose 2*q + f*c - 18 - 49 = 0, -c = -5. What is the highest common factor of 104 and q?
26
Suppose 0 = 3*s - 162 + 627. Let o = s - -55. Let k be ((-8)/20)/(5/o). Calculate the greatest common divisor of k and 88.
8
Suppose -7*y = 10 + 4. Let j(i) = i + 13. Let n be j(y). Let g be 121/((0 - 1) + 2). Calculate the greatest common factor of g and n.
11
Suppose -2*z - 452 = -1302. What is the highest common factor of z and 50?
25
Let m be 56/3 - 4/6. What is the greatest common divisor of m and 72?
18
Let u be (-3)/9 + (-52)/(-12). Let c be u/(-6) - 552/(-18). Calculate the greatest common factor of c and 15.
15
Suppose 282 = 12*v - 246. Calculate the greatest common factor of 836 and v.
44
Let u = 20 - 10. Suppose u*w = 5*w + 90. Calculate the greatest common factor of w and 18.
18
Suppose -5*u = 2*z - 135, -5*u + 163 = -z + 28. Let s(h) = -2*h**3 + h**2 + 2*h + 2. Let d be s(-2). What is the highest common factor of d and u?
9
Suppose 2*l - 44 = 4. What is the greatest common factor of 54 and l?
6
Let d(m) = -2*m**2 + m. Let p be d(6). Let i = -55 - p. Let l(v) = 4*v**2 + 7*v + 1. Let q be l(-5). Calculate the highest common divisor of i and q.
11
Let d be (-1)/((-4)/(828*1)). Suppose 0 = -4*k - p - 276, 0 = 3*k - 4*p + p + d. Let l = 107 + k. What is the highest common factor of l and 95?
19
Let i = -24 - -17. Let f(p) = -2*p**2 - 9*p - 8. Let h be f(i). Let o be h/(-4) + 4/16. Calculate the greatest common factor of 11 and o.
11
Let u(g) = 98*g + 10. Suppose 5*f + 1 - 16 = 0. Let o be u(f). Calculate the greatest common factor of o and 38.
38
Let p(l) = -l - 1. Let k(b) = -11*b + 10. Let t(o) = -k(o) + 6*p(o). Let a be t(7). What is the highest common factor of 19 and a?
19
Let x be (16/(-24))/(2/(-6)). Let o = x + 2. Suppose 3*m - 24 = -i, 5*m - i = o*i + 40. Calculate the greatest common divisor of 32 and m.
8
Suppose 88 = 5*n - 3*n. Let g(h) = -5*h - 3. Let b be g(-2). Suppose 3*c - b*c = -44. Calculate the greatest common factor of n and c.
11
Suppose 0 = 4*w - 2*z + 48 - 236, -3*w - 3*z = -123. Calculate the greatest common divisor of w and 60.
15
Suppose -6*k + 10*k + 24 = 0. Let i be -10*4/k*(-312)/(-20). Calculate the highest common divisor of 13 and i.
13
Suppose 2*d = 127 + 563. Calculate the highest common divisor of d and 15.
15
Let n(z) = 0 + 5 - 3 - 16*z. Suppose 0 = 4*i + 18 + 14. Let k be n(i). Calculate the highest common factor of 52 and k.
26
Suppose -3*n = -2*h + 12, 0 = -2*h - 2*n - 0 - 8. Let a be (2 - 5) + (0 - (h + -5)). Calculate the greatest common divisor of a and 3.
1
Let u(f) be the first derivative of -2*f**2 - 6*f - 17. Let t be u(-6). Calculate the greatest common factor of t and 6.
6
Suppose -1050 = -43*w + 25. Calculate the highest common factor of 35 and w.
5
Let k(z) = -13*z + 2. Let u be k(-6). Let s be (73 + -3)/10 - (-2 - (-5 + 1)). What is the greatest common divisor of s and u?
5
Let s = 624 + -354. What is the greatest common factor of s and 81?
27
Let d(a) = 93*a + 8. Let t(j) = 278*j + 23. Let i(x) = -7*d(x) + 2*t(x). Let z be i(-3). Calculate the highest common divisor of z and 25.
25
Suppose -9 = -s - h + 28, -135 = -5*s + 5*h. Calculate the greatest common divisor of s and 36.
4
Let s(z) = z**2 + 2*z + 5. Let g be s(-4). Let c(r) = -r**3 + 14*r**2 + 27*r - 37. Let l be c(15). What is the greatest common factor of g and l?
13
Suppose 0 = 2*j + 3*r - 15, 2*j + 0*j - 12 = -2*r. Let k(w) = w**3 - w**2 - 8*w + 2. Let p be k(0). What is the greatest common divisor of j and p?
1
Suppose i - 8 = 10. Let c be 354/(-24) - 2/8. Let k be (c/(-25))/(2/30). What is the greatest common divisor of k and i?
9
Let u be (1*102)/((-2)/(6/(-3))). Let v(z) = -23*z - 3. Let p be v(-3). Let k = u - p. Calculate the greatest common factor of 4 and k.
4
Let b = -17 + 30. Suppose 5*g = b - 3. Let u(y) = 20*y + 562. Let x be u(-28). What is the highest common factor of g and x?
2
Suppose 3*v + 27 - 102 = 2*c, -4*v + 100 = -c. Suppose 3*f - 34 = -v. Calculate the greatest common factor of f and 9.
3
Let s be (-10)/2 - 1/1. Let z be (1 + s)*(-12)/10. Calculate the greatest common divisor of z and 42.
6
Let n = -5 - -41. Let l = -1 + n. What is the highest common factor of 7 and l?
7
Suppose i - 4*x = 286, -157*i + 2*x = -158*i + 262. Let l(r) = 31*r**2 - 1. Let s be l(1). Calculate the greatest common divisor of s and i.
30
Let l = 86 - 180. Let a = l - -30. Let t be (-3 + 5)*a/(-4). Calculate the greatest common factor of 8 and t.
8
Let q(m) = -30*m + 108. Let p be q(3). Let r = 199 + -73. What is the greatest common divisor of r and p?
18
Let s be (-261 - -30)*(-2)/1. Calculate the greatest common factor of s and 66.
66
Suppose -2*h - 4 = 3*x, 5*h + 5*x = -0 - 5. Let r(u) = u + 2. Let m be r(6). Suppose m*p = -5 + 37. Calculate the greatest common divisor of p and h.
1
Let y = 820 + -366. Suppose -v + r = 4*v - y, v - 94 = r. What is the greatest common divisor of 18 and v?
18
Suppose 3*m + 2*r = 64, 2*m - 43 = 3*r - 9. Let v(x) = -2*x**3 - 2*x**2 - 10*x + 4. Let z be v(-4). Calculate the highest common factor of m and z.
20
Suppose 6*q - 41 - 13 = 0. Calculate the highest common factor of q and 6.
3
Let h = -337 - -657. What is the greatest common factor of 10 and h?
10
Let q(m) = -323*m**3 + m**2. Let z be q(-1). Let j = z + -231. Suppose 3*b + 4*w = 34 + 19, -5*b - 2*w = -j. Calculate the highest common factor of 19 and b.
19
Let g be (18/4)/(9/156). Suppose 12*h + 740 = 812. What is the greatest common factor of g and h?
6
Let o be (-8)/1 - (-1365 + 7). Calculate the greatest common factor of o and 90.
90
Let p be 1 - 2 - (1020/3)/(-4). Calculate the greatest common factor of 189 and p.
21
Let g(x) = -20*x + 132. Let t be g(6). What is the greatest common factor of 162 and t?
6
Let z be (6/(-7))/((-57)/1995). Suppose -5 + 25 = 2*m. Calculate the highest common divisor of z and m.
10
Suppose -4*y = -0 - 12. Suppose 0 = y*q - 2*o + 74, 3*q + o + 56 = -6. Let u = q - -31. What is the greatest common divisor of u and 45?
9
Let z(s) = s**3 - 7*s**2 + 4*s + 13. Let c be z(6). Let i be 7/(-1 - c/1)*-34. What is the greatest common factor of i and 17?
17
Let m(j) = -j**2 + 13*j - 15. Let f be 22*(4 + -1)/3. Let v = -11 + f. Let n be m(v). Calculate the highest common divisor of n and 28.
7
Let n(s) = -s**2 - 23*s + 37. Let p be n(-24). What is the greatest common divisor of p and 169?
13
Let y(m) = m**2 + m. Let l(z) = -5*z**2 + 10*z + 21. Let o(i) = l(i) + 6*y(i). Let f be o(-15). Calculate the highest common factor of 42 and f.
6
Let d = 6 - 3. Suppose d*t - 4*t = 14. Let p = t - -21. What is the highest common divisor of 56 and p?
7
Suppose g = -2*g + 15. Su